{"id":10,"date":"2012-02-11T19:30:14","date_gmt":"2012-02-11T18:30:14","guid":{"rendered":"http:\/\/calvayrac.net\/voyages\/?page_id=10"},"modified":"2017-09-17T17:23:46","modified_gmt":"2017-09-17T15:23:46","slug":"les-auteurs","status":"publish","type":"page","link":"http:\/\/www.calvayrac.net\/voyages\/les-auteurs\/","title":{"rendered":"La Team"},"content":{"rendered":"<p>&nbsp;<\/p>\n<p>Ce blog n&rsquo;a pas d&rsquo;autres ambitions que de partager avec notre famille et nos proches nos souvenirs de voyages.<\/p>\n<p>Si vous \u00eates arriv\u00e9 ici par hasard (merci Google), vous \u00eates le bienvenu. N&rsquo;h\u00e9sitez pas \u00e0 nous laisser un petit message.<\/p>\n<p>&nbsp;<\/p>\n<p>Faites connaissance avec les auteurs de ce blog :<\/p>\n<table width=\"100%\">\n<tbody>\n<tr>\n<td width=\"20%\"><img loading=\"lazy\" decoding=\"async\" class=\"aligncenter wp-image-90\" title=\"29022012-254-LQ\" src=\"http:\/\/calvayrac.net\/voyages\/wp-content\/uploads\/2012\/03\/29022012-254-LQ-300x300.jpg\" alt=\"\" width=\"150\" height=\"150\" srcset=\"http:\/\/www.calvayrac.net\/voyages\/wp-content\/uploads\/2012\/03\/29022012-254-LQ-300x300.jpg 300w, http:\/\/www.calvayrac.net\/voyages\/wp-content\/uploads\/2012\/03\/29022012-254-LQ-768x768.jpg 768w, http:\/\/www.calvayrac.net\/voyages\/wp-content\/uploads\/2012\/03\/29022012-254-LQ-585x585.jpg 585w, http:\/\/www.calvayrac.net\/voyages\/wp-content\/uploads\/2012\/03\/29022012-254-LQ.jpg 1000w\" sizes=\"(max-width: 150px) 100vw, 150px\" \/><\/td>\n<td width=\"80%\">Karine M.<\/p>\n<ul>\n<li>Interpr\u00e8te officielle des voyages en famille<\/li>\n<li>Sp\u00e9cialiste de l\u2019organisation des voyages<\/li>\n<\/ul>\n<\/td>\n<\/tr>\n<\/tbody>\n<\/table>\n<table width=\"100%\">\n<tbody>\n<tr>\n<td width=\"20%\"><img loading=\"lazy\" decoding=\"async\" class=\"aligncenter size-full wp-image-524\" title=\"denis\" src=\"http:\/\/calvayrac.net\/voyages\/wp-content\/uploads\/2012\/04\/denis.jpg\" alt=\"\" width=\"150\" height=\"150\" \/><\/td>\n<td width=\"80%\">Denis C.<\/p>\n<ul>\n<li>Photographe de la famille et concepteur du blog<\/li>\n<li>N&rsquo;aime pas l&rsquo;eau &#8230; mais se baigne et fait quand m\u00eame du bateau \u00e0 chaque fois !!<\/li>\n<\/ul>\n<\/td>\n<\/tr>\n<\/tbody>\n<\/table>\n<table width=\"100%\">\n<tbody>\n<tr>\n<td width=\"20%\"><img loading=\"lazy\" decoding=\"async\" class=\"aligncenter wp-image-91\" title=\"IMG_1648\" src=\"http:\/\/calvayrac.net\/voyages\/wp-content\/uploads\/2012\/03\/28022012-230-LQ.jpg\" alt=\"\" width=\"150\" height=\"150\" \/><\/td>\n<td width=\"80%\">Manon C.<\/p>\n<ul>\n<li>R\u00e9dacteur en chef du blog<\/li>\n<li>Sait demander \u00ab\u00a0O\u00f9 sont les toilettes ?\u00a0\u00bb dans toutes les langues<\/li>\n<li>Aime les pays o\u00f9 on mange du riz<\/li>\n<\/ul>\n<\/td>\n<\/tr>\n<\/tbody>\n<\/table>\n<table width=\"100%\">\n<tbody>\n<tr>\n<td width=\"20%\"><img loading=\"lazy\" decoding=\"async\" class=\"aligncenter size-medium wp-image-89\" title=\"28022012-197-LQ\" src=\"http:\/\/calvayrac.net\/voyages\/wp-content\/uploads\/2012\/03\/28022012-197-LQ-300x300.jpg\" alt=\"\" width=\"150\" height=\"150\" srcset=\"http:\/\/www.calvayrac.net\/voyages\/wp-content\/uploads\/2012\/03\/28022012-197-LQ-300x300.jpg 300w, http:\/\/www.calvayrac.net\/voyages\/wp-content\/uploads\/2012\/03\/28022012-197-LQ-768x768.jpg 768w, http:\/\/www.calvayrac.net\/voyages\/wp-content\/uploads\/2012\/03\/28022012-197-LQ-585x585.jpg 585w, http:\/\/www.calvayrac.net\/voyages\/wp-content\/uploads\/2012\/03\/28022012-197-LQ.jpg 1000w\" sizes=\"(max-width: 150px) 100vw, 150px\" \/><\/td>\n<td width=\"80%\">Matt\u00e9o C.<\/p>\n<ul>\n<li>Adore les rando \u00e0 conditions que cela monte et que le chemin soit difficile<\/li>\n<li>Aime s&rsquo;endormir au restaurant<\/li>\n<\/ul>\n<\/td>\n<\/tr>\n<\/tbody>\n<\/table>\n","protected":false},"excerpt":{"rendered":"<p>&nbsp; Ce blog n&rsquo;a pas d&rsquo;autres ambitions que de partager avec notre famille et nos proches nos souvenirs de voyages. Si vous \u00eates arriv\u00e9 ici par hasard (merci Google), vous&hellip;<\/p>\n","protected":false},"author":1,"featured_media":0,"parent":0,"menu_order":0,"comment_status":"open","ping_status":"closed","template":"","meta":{"_monsterinsights_skip_tracking":false,"_monsterinsights_sitenote_active":false,"_monsterinsights_sitenote_note":"","_monsterinsights_sitenote_category":0,"footnotes":""},"class_list":["post-10","page","type-page","status-publish","hentry"],"yoast_head":"<!-- This site is optimized with the Yoast SEO plugin v23.6 - https:\/\/yoast.com\/wordpress\/plugins\/seo\/ -->\n<title>La Team | Le Blog de la famille Calvayrac-Malnoue<\/title>\n<meta name=\"description\" content=\"&nbsp; Ce blog n&#039;a pas d&#039;autres ambitions que de partager avec notre famille et nos proches nos souvenirs de voyages. Si vous \u00eates arriv\u00e9 ici par hasard\" \/>\n<meta name=\"robots\" content=\"index, follow, max-snippet:-1, max-image-preview:large, max-video-preview:-1\" \/>\n<link rel=\"canonical\" href=\"http:\/\/www.calvayrac.net\/voyages\/les-auteurs\/\" \/>\n<meta name=\"twitter:label1\" content=\"Dur\u00e9e de lecture estim\u00e9e\" \/>\n\t<meta name=\"twitter:data1\" content=\"1 minute\" \/>\n<script type=\"application\/ld+json\" class=\"yoast-schema-graph\">{\"@context\":\"https:\/\/schema.org\",\"@graph\":[{\"@type\":\"WebPage\",\"@id\":\"http:\/\/www.calvayrac.net\/voyages\/les-auteurs\/\",\"url\":\"http:\/\/www.calvayrac.net\/voyages\/les-auteurs\/\",\"name\":\"La Team | Le Blog de la famille Calvayrac-Malnoue\",\"isPartOf\":{\"@id\":\"https:\/\/www.calvayrac.net\/voyages\/#website\"},\"primaryImageOfPage\":{\"@id\":\"http:\/\/www.calvayrac.net\/voyages\/les-auteurs\/#primaryimage\"},\"image\":{\"@id\":\"http:\/\/www.calvayrac.net\/voyages\/les-auteurs\/#primaryimage\"},\"thumbnailUrl\":\"http:\/\/calvayrac.net\/voyages\/wp-content\/uploads\/2012\/03\/29022012-254-LQ-300x300.jpg\",\"datePublished\":\"2012-02-11T18:30:14+00:00\",\"dateModified\":\"2017-09-17T15:23:46+00:00\",\"description\":\"&nbsp; Ce blog n'a pas d'autres ambitions que de partager avec notre famille et nos proches nos souvenirs de voyages. Si vous \u00eates arriv\u00e9 ici par hasard\",\"inLanguage\":\"fr-FR\",\"potentialAction\":[{\"@type\":\"ReadAction\",\"target\":[\"http:\/\/www.calvayrac.net\/voyages\/les-auteurs\/\"]}]},{\"@type\":\"ImageObject\",\"inLanguage\":\"fr-FR\",\"@id\":\"http:\/\/www.calvayrac.net\/voyages\/les-auteurs\/#primaryimage\",\"url\":\"http:\/\/calvayrac.net\/voyages\/wp-content\/uploads\/2012\/03\/29022012-254-LQ-300x300.jpg\",\"contentUrl\":\"http:\/\/calvayrac.net\/voyages\/wp-content\/uploads\/2012\/03\/29022012-254-LQ-300x300.jpg\"},{\"@type\":\"WebSite\",\"@id\":\"https:\/\/www.calvayrac.net\/voyages\/#website\",\"url\":\"https:\/\/www.calvayrac.net\/voyages\/\",\"name\":\"Carnet de Voyages\",\"description\":\"Le Blog de la famille Calvayrac-Malnoue\",\"publisher\":{\"@id\":\"https:\/\/www.calvayrac.net\/voyages\/#\/schema\/person\/4b35be4680029a858702884cee92b2d6\"},\"potentialAction\":[{\"@type\":\"SearchAction\",\"target\":{\"@type\":\"EntryPoint\",\"urlTemplate\":\"https:\/\/www.calvayrac.net\/voyages\/?s={search_term_string}\"},\"query-input\":{\"@type\":\"PropertyValueSpecification\",\"valueRequired\":true,\"valueName\":\"search_term_string\"}}],\"inLanguage\":\"fr-FR\"},{\"@type\":[\"Person\",\"Organization\"],\"@id\":\"https:\/\/www.calvayrac.net\/voyages\/#\/schema\/person\/4b35be4680029a858702884cee92b2d6\",\"name\":\"Denis Calvayrac\",\"image\":{\"@type\":\"ImageObject\",\"inLanguage\":\"fr-FR\",\"@id\":\"https:\/\/www.calvayrac.net\/voyages\/#\/schema\/person\/image\/\",\"url\":\"http:\/\/0.gravatar.com\/avatar\/f201a6aa8d9d1c8ee40d95b156bffdb8?s=96&d=mm&r=g\",\"contentUrl\":\"http:\/\/0.gravatar.com\/avatar\/f201a6aa8d9d1c8ee40d95b156bffdb8?s=96&d=mm&r=g\",\"caption\":\"Denis Calvayrac\"},\"logo\":{\"@id\":\"https:\/\/www.calvayrac.net\/voyages\/#\/schema\/person\/image\/\"}}]}<\/script>\n<!-- \/ Yoast SEO plugin. -->","yoast_head_json":{"title":"La Team | Le Blog de la famille Calvayrac-Malnoue","description":"&nbsp; Ce blog n'a pas d'autres ambitions que de partager avec notre famille et nos proches nos souvenirs de voyages. Si vous \u00eates arriv\u00e9 ici par hasard","robots":{"index":"index","follow":"follow","max-snippet":"max-snippet:-1","max-image-preview":"max-image-preview:large","max-video-preview":"max-video-preview:-1"},"canonical":"http:\/\/www.calvayrac.net\/voyages\/les-auteurs\/","twitter_misc":{"Dur\u00e9e de lecture estim\u00e9e":"1 minute"},"schema":{"@context":"https:\/\/schema.org","@graph":[{"@type":"WebPage","@id":"http:\/\/www.calvayrac.net\/voyages\/les-auteurs\/","url":"http:\/\/www.calvayrac.net\/voyages\/les-auteurs\/","name":"La Team | Le Blog de la famille Calvayrac-Malnoue","isPartOf":{"@id":"https:\/\/www.calvayrac.net\/voyages\/#website"},"primaryImageOfPage":{"@id":"http:\/\/www.calvayrac.net\/voyages\/les-auteurs\/#primaryimage"},"image":{"@id":"http:\/\/www.calvayrac.net\/voyages\/les-auteurs\/#primaryimage"},"thumbnailUrl":"http:\/\/calvayrac.net\/voyages\/wp-content\/uploads\/2012\/03\/29022012-254-LQ-300x300.jpg","datePublished":"2012-02-11T18:30:14+00:00","dateModified":"2017-09-17T15:23:46+00:00","description":"&nbsp; Ce blog n'a pas d'autres ambitions que de partager avec notre famille et nos proches nos souvenirs de voyages. Si vous \u00eates arriv\u00e9 ici par hasard","inLanguage":"fr-FR","potentialAction":[{"@type":"ReadAction","target":["http:\/\/www.calvayrac.net\/voyages\/les-auteurs\/"]}]},{"@type":"ImageObject","inLanguage":"fr-FR","@id":"http:\/\/www.calvayrac.net\/voyages\/les-auteurs\/#primaryimage","url":"http:\/\/calvayrac.net\/voyages\/wp-content\/uploads\/2012\/03\/29022012-254-LQ-300x300.jpg","contentUrl":"http:\/\/calvayrac.net\/voyages\/wp-content\/uploads\/2012\/03\/29022012-254-LQ-300x300.jpg"},{"@type":"WebSite","@id":"https:\/\/www.calvayrac.net\/voyages\/#website","url":"https:\/\/www.calvayrac.net\/voyages\/","name":"Carnet de Voyages","description":"Le Blog de la famille Calvayrac-Malnoue","publisher":{"@id":"https:\/\/www.calvayrac.net\/voyages\/#\/schema\/person\/4b35be4680029a858702884cee92b2d6"},"potentialAction":[{"@type":"SearchAction","target":{"@type":"EntryPoint","urlTemplate":"https:\/\/www.calvayrac.net\/voyages\/?s={search_term_string}"},"query-input":{"@type":"PropertyValueSpecification","valueRequired":true,"valueName":"search_term_string"}}],"inLanguage":"fr-FR"},{"@type":["Person","Organization"],"@id":"https:\/\/www.calvayrac.net\/voyages\/#\/schema\/person\/4b35be4680029a858702884cee92b2d6","name":"Denis Calvayrac","image":{"@type":"ImageObject","inLanguage":"fr-FR","@id":"https:\/\/www.calvayrac.net\/voyages\/#\/schema\/person\/image\/","url":"http:\/\/0.gravatar.com\/avatar\/f201a6aa8d9d1c8ee40d95b156bffdb8?s=96&d=mm&r=g","contentUrl":"http:\/\/0.gravatar.com\/avatar\/f201a6aa8d9d1c8ee40d95b156bffdb8?s=96&d=mm&r=g","caption":"Denis Calvayrac"},"logo":{"@id":"https:\/\/www.calvayrac.net\/voyages\/#\/schema\/person\/image\/"}}]}},"_links":{"self":[{"href":"http:\/\/www.calvayrac.net\/voyages\/wp-json\/wp\/v2\/pages\/10"}],"collection":[{"href":"http:\/\/www.calvayrac.net\/voyages\/wp-json\/wp\/v2\/pages"}],"about":[{"href":"http:\/\/www.calvayrac.net\/voyages\/wp-json\/wp\/v2\/types\/page"}],"author":[{"embeddable":true,"href":"http:\/\/www.calvayrac.net\/voyages\/wp-json\/wp\/v2\/users\/1"}],"replies":[{"embeddable":true,"href":"http:\/\/www.calvayrac.net\/voyages\/wp-json\/wp\/v2\/comments?post=10"}],"version-history":[{"count":35,"href":"http:\/\/www.calvayrac.net\/voyages\/wp-json\/wp\/v2\/pages\/10\/revisions"}],"predecessor-version":[{"id":2211,"href":"http:\/\/www.calvayrac.net\/voyages\/wp-json\/wp\/v2\/pages\/10\/revisions\/2211"}],"wp:attachment":[{"href":"http:\/\/www.calvayrac.net\/voyages\/wp-json\/wp\/v2\/media?parent=10"}],"curies":[{"name":"wp","href":"https:\/\/api.w.org\/{rel}","templated":true}]}}